what is -a - 2166?
-2175
In base 4, what is 13 + -110112302?
-110112223
In base 6, what is 2003550 - 3?
2003543
In base 6, what is -5 - -21020430?
21020421
In base 4, what is 23302012 - -123?
23302201
In base 14, what is 494b0 + 6?
494b6
In base 10, what is -37 - 447?
-484
In base 7, what is -13162 + -1411?
-14603
In base 3, what is -20 + 100000100112?
100000100022
In base 5, what is 101 + -221301?
-221200
In base 16, what is -4dbf3 - -1?
-4dbf2
In base 4, what is -221 + -12332223?
-12333110
In base 16, what is 808 + -1ed?
61b
In base 15, what is -1be06 + 1?
-1be05
In base 15, what is bea + e?
c09
In base 3, what is -122 - 2002100001?
-2002100200
In base 13, what is -1577c - 14?
-15793
In base 4, what is 10 - -332021100?
332021110
In base 8, what is 3557 - 151?
3406
In base 10, what is -2 + -43376?
-43378
In base 11, what is 595 + -1a3?
3a2
In base 7, what is 34501 - -160?
34661
In base 13, what is 128248 + 0?
128248
In base 14, what is 3 - 5b46a?
-5b467
In base 14, what is -8 - 1c00?
-1c08
In base 9, what is -153817 + -1?
-153818
In base 7, what is 3 - 2122260?
-2122254
In base 7, what is 414 - 322?
62
In base 4, what is -10223210 - -210?
-10223000
In base 10, what is -27149 + 1?
-27148
In base 6, what is -33 - 10?
-43
In base 15, what is 38 - -757?
790
In base 4, what is 1230121 - -3?
1230130
In base 14, what is a950 + -4?
a94a
In base 15, what is -33 - -362?
32e
In base 16, what is -1ad1a - -a?
-1ad10
In base 11, what is -3 + 25194?
25191
In base 7, what is -1263 - -256?
-1004
In base 9, what is 72014 - -4?
72018
In base 13, what is -8111 - 8?
-8119
In base 9, what is -1200 + 122?
-1067
In base 7, what is 4 - 233420?
-233413
In base 9, what is -1 - -1550111?
1550110
In base 6, what is 330240 + -34?
330202
In base 11, what is -2675 + 436?
-223a
In base 15, what is 46d55 - 3?
46d52
In base 10, what is 83982 + 1?
83983
In base 16, what is -5 - -ad78?
ad73
In base 6, what is -410 - 4?
-414
In base 7, what is -22 + 64564?
64542
In base 13, what is -204c79 - 0?
-204c79
In base 12, what is 2b - 67a?
-64b
In base 6, what is 1 + 350234?
350235
In base 6, what is -4 + -43100254?
-43100302
In base 11, what is 18 - 7a49?
-7a31
In base 14, what is 2253a - -1b?
22557
In base 10, what is -17 + -92794?
-92811
In base 3, what is -1020002100 + 1?
-1020002022
In base 14, what is 4 - -80872?
80876
In base 4, what is 101331 + 21012?
123003
In base 4, what is 3 + -12231030?
-12231021
In base 7, what is 65 + -121?
-23
In base 7, what is -232111 - 1?
-232112
In base 5, what is 1131 - 1003?
123
In base 14, what is -588 - 323?
-8ab
In base 5, what is 4 + 110144?
110203
In base 8, what is 4 - -120305?
120311
In base 13, what is 588 - 99?
4bc
In base 11, what is 13 - -1181?
1194
In base 11, what is 182 - 57a?
-3a8
In base 10, what is -14861 + -3?
-14864
In base 8, what is 20 + -63?
-43
In base 16, what is -2 + -18cc?
-18ce
In base 4, what is -12130331 - 3?
-12131000
In base 10, what is -2 - 104975?
-104977
In base 7, what is 3 + -1312356?
-1312353
In base 14, what is -1c + 193?
175
In base 15, what is -9e1c4d + 0?
-9e1c4d
In base 12, what is 0 + -1a373?
-1a373
In base 5, what is 221 - 4022?
-3301
In base 5, what is 334422224 - 2?
334422222
In base 12, what is 5 - -554a?
5553
In base 11, what is 24922 + -2?
24920
In base 5, what is -13333 + -10?
-13343
In base 4, what is 10 + 1232110230?
1232110300
In base 5, what is -2310 + -1130013?
-1132323
In base 8, what is 137 + -2313?
-2154
In base 13, what is 8 + -49942?
-49937
In base 6, what is 335022 + -4?
335014
In base 5, what is -10 - 113412?
-113422
In base 13, what is 7468 + 1?
7469
In base 5, what is 3343334 + 20?
3343404
In base 7, what is 11553 - 262?
11261
In base 7, what is 16043 - -5?
16051
In base 15, what is -bceb1 + 2?
-bceae
In base 2, what is -1 + -1011001000100?
-1011001000101
In base 10, what is 2 + 129059?
129061
In base 16, what is 5 + 22b64?
22b69
In base 14, what is -84 - 5380?
-5424
In base 3, what is 11011210 + 21?
11012001
In base 11, what is 9 + 24091?
2409a
In base 3, what is 100200 - -202?
101102
In base 13, what is 117b - -1c1?
136c
In base 6, what is -143 + -33240?
-33423
In base 16, what is -19ae7 + 1b?
-19acc
In base 2, what is -1011 + 10000000110010?
10000000100111
In base 3, what is 1120222 + 1022?
1122021
In base 13, what is 71 - 1c47?
-1ba6
In base 14, what is -843 - -90?
-793
In base 6, what is 103 - 4245?
-4142
In base 9, what is -34 + -10040?
-10074
In base 8, what is 1242 - 5644?
-4402
In base 5, what is 10 - 10141224?
-10141214
In base 11, what is 324a4 + -27?
32478
In base 7, what is 10 + -36402?
-36362
In base 4, what is -2130 + 12002?
3212
In base 12, what is -3a6 + b?
-397
In base 13, what is 7 - -50521?
50528
In base 6, what is 2545 - 1504?
1041
In base 8, what is 15 - 20607?
-20572
In base 3, what is -10202 - -1112011?
1101102
In base 7, what is 12 + 12130?
12142
In base 16, what is 1d9013 - 2?
1d9011
In base 2, what is 10110111110 + 1011010?
11000011000
In base 11, what is 2 + -4274?
-4272
In base 2, what is 1000100001110001010 + -101?
1000100001110000101
In base 15, what is -29b9 + be?
-28ea
In base 10, what is -11529 + 114?
-11415
In base 7, what is -15466 - 5?
-15504
In base 11, what is -565 - -37?
-529
In base 5, what is -130134 + 0?
-130134
In base 13, what is -89c493 + -3?
-89c496
In base 14, what is 3 + -5d127?
-5d124
In base 2, what is -10110010010010 - 11?
-10110010010101
In base 15, what is d08 + d7?
de0
In base 14, what is c5 + -ca?
-5
In base 14, what is 37024 - 4?
37020
In base 11, what is 88835 + -42?
887a3
In base 14, what is 0 - 1060c?
-1060c
In base 7, what is -12 + 30104?
30062
In base 7, what is 10550 - -40?
10620
In base 6, what is 15 + 4042530?
4042545
In base 5, what is 1201 - -240?
1441
In base 6, what is -213 - 40050?
-40303
In base 12, what is -7278b + 3?
-72788
In base 10, what is -50 + 861?
811
In base 2, what is 1001001100100 + 100000?
1001010000100
In base 7, what is 15115 - -1?
15116
In base 11, what is 0 + 640a0?
640a0
In base 16, what is 6 - 8c12?
-8c0c
In base 8, what is 534 - -1035?
1571
In base 7, what is -424 - -210606?
210152
In base 15, what is 6ec + -664?
88
In base 4, what is 21 - -2010111132?
2010111213
In base 7, what is -35113 + -10?
-35123
In base 2, what is 101 + -1010000100101?
-1010000100000
In base 9, what is 225 + -262?
-36
In base 12, what is 4738 + -b4?
4644
In base 10, what is 1 - -16305?
16306
In base 2, what is -11010010 + 10011101?
-110101
In base 14, what is 1a209 - 2?
1a207
In base 12, what is -588 - -1060?
694
In base 2, what is -100 + 100011000001?
100010111101
In base 10, what is -107 + 912?
805
In base 11, what is -5a1304a + 1?
-5a13049
In base 16, what is -e801 + 1?
-e800
In base 5, what is -14141 + 3?
-14133
In base 14, what is -187a5 - 5?
-187aa
In base 6, what is -144240 + 230?
-144010
In base 9, what is 1223 - -81?
1314
In base 2, what is 10001001110010 + -1010100?
10001000011110
In base 7, what is -1 - 66202?
-66203
In base 14, what is -1 - -d630?
d62d
In base 9, what is -25573 + -20?
-25603
In base 10, what is -178 + 522?
344
In base 14, what is -2 - 2786a?
-2786c
In base 4, what is 131031 + -103?
130322
In base 7, what is -3236 + -354?
-3623
In base 5, what is 110 + -111411?
-111301
In base 2, what is 10001 + -110000010001?
-110000000000
In base 12, what is -9bb18 - -4?
-9bb14
In base 16, what is a + 9d96?
9da0
In base 9, what is -14 + 515431?
515416
In base 5, what is 4 - -1343212?
1343221
In base 4, what is -1 + -331222002?
-331222003
In base 11, what is 21 + 110391?
110402
In base 13, what is -4 - 97a23?
-97a27
In base 9, what is -507 + -45?
-553
In base 13, what is 2 + -18baa?
-18ba8
In base 3, what is 0 + 121000202012?
121000202012
In base 10, what is -2 + 1238701?
1238699
In base 11, what is 345 - 866?
-521
In base 2, what is -11010001011001101 - 11000?
-11010001011100101
In base 6, what is 1 + 2400324?
2400325
In base 14, what is 53 + -4cd0?
-4c7b
In base 5, what is 1012 + -2241?
-1224
In base 5, what is 40314 + 10014?
100333
In base 9, what is 78755 - 0?
78755
In base 9, what is 1 - -202171?
202172
In base 8, what is 51717 + 4?
51723
In base 11, what is 5858 - 17?
5841
In base 12, what is 3130 + 2?
3132
In base 12, what is 5 + -6639?
-6634
In base 2, what is 10100000011011111 - 101?
10100000011011